 factors of 462161.
7, 103, 641
What are the prime factors of 793296?
2, 3, 7, 787
What are the prime factors of 342558?
2, 3, 19031
List the prime factors of 4751941.
41, 115901
What are the prime factors of 1477863?
3, 31, 5297
List the prime factors of 118877.
11, 101, 107
List the prime factors of 2482977.
3, 7, 19, 127
What are the prime factors of 249164?
2, 167, 373
List the prime factors of 26203.
26203
List the prime factors of 10679929.
13, 109, 7537
What are the prime factors of 507031?
7, 113, 641
List the prime factors of 413922.
2, 3, 149, 463
List the prime factors of 1710046.
2, 13, 89, 739
What are the prime factors of 7806243?
3, 2602081
List the prime factors of 10127796.
2, 3, 7, 120569
What are the prime factors of 2531452?
2, 7, 11, 8219
List the prime factors of 390764.
2, 11, 83, 107
What are the prime factors of 31292296?
2, 7, 558791
What are the prime factors of 12499662?
2, 3, 7, 359, 829
What are the prime factors of 4439798?
2, 11, 201809
What are the prime factors of 267568?
2, 7, 2389
What are the prime factors of 1979055?
3, 5, 13, 17, 199
List the prime factors of 189876.
2, 3, 15823
What are the prime factors of 383585?
5, 76717
List the prime factors of 10384905.
3, 5, 692327
List the prime factors of 223203.
3, 47, 1583
List the prime factors of 163454.
2, 81727
What are the prime factors of 284322?
2, 3, 47387
List the prime factors of 8732924.
2, 2183231
What are the prime factors of 1509326?
2, 7, 13, 8293
What are the prime factors of 358254?
2, 3, 13, 1531
List the prime factors of 3730894.
2, 1865447
What are the prime factors of 682306?
2, 389, 877
What are the prime factors of 1354121?
331, 4091
What are the prime factors of 768258?
2, 3, 41, 347
What are the prime factors of 239248?
2, 19, 787
List the prime factors of 212075.
5, 17, 499
What are the prime factors of 29570562?
2, 3, 7, 78229
List the prime factors of 2561349.
3, 7, 23, 5303
What are the prime factors of 12778421?
12778421
What are the prime factors of 1335701?
59, 22639
What are the prime factors of 13746?
2, 3, 29, 79
List the prime factors of 22279892.
2, 41, 73, 1861
What are the prime factors of 94358?
2, 11, 4289
What are the prime factors of 4303701?
3, 478189
List the prime factors of 352911.
3, 13, 9049
What are the prime factors of 2566079?
139, 18461
What are the prime factors of 1647575?
5, 59, 1117
List the prime factors of 3878010.
2, 3, 5, 53, 271
List the prime factors of 17112.
2, 3, 23, 31
What are the prime factors of 502878?
2, 3, 83813
What are the prime factors of 775086?
2, 3, 13, 19, 523
List the prime factors of 570931.
19, 151, 199
List the prime factors of 30401123.
30401123
List the prime factors of 12993736.
2, 7, 331, 701
What are the prime factors of 2108121?
3, 702707
What are the prime factors of 3912649?
13, 300973
List the prime factors of 137696.
2, 13, 331
What are the prime factors of 309387?
3, 13, 7933
What are the prime factors of 212612?
2, 23, 2311
List the prime factors of 7457376.
2, 3, 77681
List the prime factors of 8518479.
3, 17, 19, 59, 149
What are the prime factors of 4964945?
5, 29, 97, 353
List the prime factors of 702050.
2, 5, 19, 739
What are the prime factors of 1015536?
2, 3, 21157
What are the prime factors of 16083674?
2, 8041837
What are the prime factors of 14239904?
2, 7, 151, 421
List the prime factors of 608988.
2, 3, 19, 2671
List the prime factors of 181703.
109, 1667
List the prime factors of 1515120.
2, 3, 5, 59, 107
List the prime factors of 359524.
2, 11, 8171
What are the prime factors of 17341963?
71, 244253
List the prime factors of 1162427.
7, 3389
List the prime factors of 5832419.
5832419
What are the prime factors of 1473430?
2, 5, 7, 31, 97
What are the prime factors of 4013508?
2, 3, 31, 10789
What are the prime factors of 2291640?
2, 3, 5, 13, 113
List the prime factors of 1448751.
3, 482917
What are the prime factors of 12055579?
359, 33581
What are the prime factors of 980373?
3, 17, 47, 409
What are the prime factors of 123380?
2, 5, 31, 199
What are the prime factors of 320364?
2, 3, 11, 809
List the prime factors of 1565784.
2, 3, 11, 659
List the prime factors of 108466.
2, 193, 281
What are the prime factors of 620864?
2, 89, 109
What are the prime factors of 138468?
2, 3, 11, 1049
List the prime factors of 267976.
2, 19, 41, 43
List the prime factors of 683800.
2, 5, 13, 263
What are the prime factors of 7947966?
2, 3, 13, 19, 31, 173
List the prime factors of 7972844.
2, 11, 181201
List the prime factors of 9290576.
2, 31, 18731
List the prime factors of 93918.
2, 3, 11, 1423
List the prime factors of 2504454.
2, 3, 71, 5879
What are the prime factors of 1273259?
13, 97943
List the prime factors of 2236028.
2, 431, 1297
List the prime factors of 47216.
2, 13, 227
List the prime factors of 8982388.
2, 2245597
What are the prime factors of 763743?
3, 19, 13399
What are the prime factors of 6126954?
2, 3, 1021159
List the prime factors of 66067.
66067
List the prime factors of 10413857.
10413857
List the prime factors of 12042.
2, 3, 223
List the prime factors of 61133.
113, 541
What are the prime factors of 2544373?
13, 17, 29, 397
List the prime factors of 1114840.
2, 5, 47, 593
List the prime factors of 9489538.
2, 37, 128237
What are the prime factors of 33302472?
2, 3, 7, 167, 1187
List the prime factors of 306598.
2, 41, 3739
What are the prime factors of 18299989?
4073, 4493
What are the prime factors of 160263?
3, 17807
List the prime factors of 1593733.
17, 241, 389
What are the prime factors of 177595?
5, 11, 3229
List the prime factors of 1475240.
2, 5, 13, 2837
What are the prime factors of 206704?
2, 12919
List the prime factors of 7812444.
2, 3, 439, 1483
What are the prime factors of 977292?
2, 3, 9049
What are the prime factors of 2603768?
2, 271, 1201
What are the prime factors of 2932135?
5, 31, 18917
List the prime factors of 51772.
2, 7, 43
What are the prime factors of 9726494?
2, 337, 14431
List the prime factors of 7247769.
3, 31, 77933
List the prime factors of 14271785.
5, 11, 47, 5521
What are the prime factors of 33044319?
3, 7, 11, 41, 1163
What are the prime factors of 203498?
2, 101749
What are the prime factors of 651754?
2, 325877
What are the prime factors of 29529736?
2, 59, 62563
List the prime factors of 537693.
3, 13, 17, 811
What are the prime factors of 2456009?
23, 106783
List the prime factors of 4790971.
4790971
List the prime factors of 1436839.
593, 2423
What are the prime factors of 51638?
2, 25819
What are the prime factors of 256358?
2, 23, 5573
List the prime factors of 19371099.
3, 11, 61, 9623
What are the prime factors of 18945566?
2, 2357, 4019
What are the prime factors of 436153?
71, 6143
List the prime factors of 5961855.
3, 5, 239, 1663
What are the prime factors of 56496?
2, 3, 11, 107
What are the prime factors of 2821295?
5, 23, 24533
List the prime factors of 2862457.
13, 220189
List the prime factors of 533295.
3, 5, 7, 1693
What are the prime factors of 1852651?
137, 13523
List the prime factors of 4028237.
811, 4967
List the prime factors of 5730553.
139, 41227
What are the prime factors of 24938?
2, 37, 337
List the prime factors of 1291354.
2, 17, 19, 1999
What are the prime factors of 29340573?
3, 61, 67, 2393
What are the prime factors of 680357?
17, 31, 1291
List the prime factors of 5409333.
3, 601037
List the prime factors of 8374652.
2, 11, 13
What are the prime factors of 4288219?
13, 329863
What are the prime factors of 587482?
2, 7, 29, 1447
List the prime factors of 1800172.
2, 11, 163, 251
List the prime factors of 10975.
5, 439
What are the prime factors of 1723762?
2, 861881
List the prime factors of 199851.
3, 66617
List the prime factors of 1638320.
2, 5, 20479
List the prime factors of 1491287.
7, 163, 1307
List the prime factors of 8446698.
2, 3, 13, 36097
What are the prime factors of 3213608?
2, 127, 3163
List the prime factors of 29321018.
2, 14660509
What are the prime factors of 537187?
7, 19, 577
What are the prime factors of 6281491?
6281491
What are the prime factors of 819454?
2, 31, 13217
What are the prime factors of 427299?
3, 142433
What are the prime factors of 17567388?
2, 3, 29, 71, 79
What are the prime factors of 313180?
2, 5, 7, 2237
What are